 what is 12272 - 1362?
10710
In base 10, what is -41131 - 14?
-41145
In base 13, what is -b3a70 + 9b?
-b39a2
In base 6, what is 1254102105 - 3?
1254102102
In base 15, what is e + -65d50?
-65d41
In base 9, what is -566067 - 2056?
-568134
In base 12, what is 33 + 160ba7?
16101a
In base 15, what is 574 - -bd60?
c3d4
In base 12, what is 1a6892 + -258?
1a6636
In base 16, what is 13b9d - 100?
13a9d
In base 4, what is 3 + 200212103110?
200212103113
In base 7, what is -3 - -15464453?
15464450
In base 13, what is -6 + 93b815?
93b80c
In base 9, what is 675 + 8825?
10611
In base 5, what is 22 - 2014221110?
-2014221033
In base 6, what is -343 + 3451343?
3451000
In base 8, what is -20651 - -202?
-20447
In base 6, what is 2 - 543452213?
-543452211
In base 16, what is -4ad + cc3?
816
In base 14, what is 876014c - 7?
8760145
In base 8, what is 12421577 - 126?
12421451
In base 16, what is 13 + -56354?
-56341
In base 2, what is -11 + 1100001110100011010?
1100001110100010111
In base 5, what is 1102343041 + -2?
1102343034
In base 13, what is -11 + -b47974?
-b47985
In base 6, what is 3 - 2145321133?
-2145321130
In base 11, what is 2a636a + -85?
2a6295
In base 6, what is 11345002425 - 5?
11345002420
In base 15, what is 36b8c + -c1?
36abb
In base 5, what is 10013403 - 4222?
10004131
In base 14, what is -141 + -27168?
-272a9
In base 11, what is -408490 + 171?
-40831a
In base 13, what is -202400 - 302?
-202702
In base 3, what is 220 - -11112011202202?
11112011210122
In base 13, what is a + -77b79a4?
-77b7997
In base 2, what is 1101001000110111000 - -11000?
1101001000111010000
In base 5, what is 44 + -22202442?
-22202343
In base 16, what is -68f4729 + 8?
-68f4721
In base 10, what is -4665655 - -5?
-4665650
In base 11, what is -15 + 502a5?
50290
In base 3, what is 102001221 + 11102121?
120111112
In base 6, what is 23343204 - -101?
23343305
In base 5, what is 202 - 42430110?
-42424403
In base 4, what is 1113 + 1020313110131?
1020313111310
In base 5, what is 1042323423 + -2?
1042323421
In base 7, what is -1102411 - 35?
-1102446
In base 15, what is 5 + -37cab1?
-37caab
In base 12, what is -3 + -1884b298?
-1884b29b
In base 2, what is 1100101 + -101000001111?
-100110101010
In base 8, what is 5251103 - 1?
5251102
In base 11, what is 473662 - -253?
473905
In base 9, what is 35715 + -751?
34854
In base 4, what is 332232 - 31330120?
-30331222
In base 10, what is 661 - 113?
548
In base 10, what is 150663 - -60?
150723
In base 10, what is 414 - -1848608?
1849022
In base 10, what is -2706 + 53860?
51154
In base 14, what is 16a4 - -5d8?
1c9c
In base 7, what is 2105615214 + 31?
2105615245
In base 4, what is 10221021021011 + -3?
10221021021002
In base 7, what is -303 - -43436166?
43435563
In base 14, what is 1777d + 68?
17807
In base 16, what is 30a8 - -cb?
3173
In base 2, what is -1000 - -10100000110010110000000100?
10100000110010101111111100
In base 10, what is 5 - -39325859?
39325864
In base 12, what is bb645 + -42?
bb603
In base 16, what is 33fb + -d95a?
-a55f
In base 12, what is 3b8 - -9a3?
119b
In base 14, what is 11b0 - 27?
1187
In base 7, what is 110022330 - -1?
110022331
In base 2, what is 10001011110100001 + -111101011?
10001010110110110
In base 13, what is 152c8 + -95?
15233
In base 6, what is 4 + 5252110154?
5252110202
In base 7, what is 556540300 + 14?
556540314
In base 11, what is 1 - -5183933?
5183934
In base 13, what is -a144 - -1693?
-8781
In base 9, what is 8 + -4012466?
-4012457
In base 8, what is -51140213 + -4?
-51140217
In base 13, what is -4029 + -560?
-4589
In base 3, what is -100020101101 + -2122?
-100020111000
In base 3, what is 20112201111 - 1111?
20112200000
In base 3, what is -10 - -200122100211101?
200122100211021
In base 16, what is -12 + -2630ff?
-263111
In base 13, what is -15c697 - 14?
-15c6ab
In base 9, what is 226311 + -44?
226256
In base 4, what is -3031 + 122001331?
121332300
In base 12, what is 1 + 976681?
976682
In base 8, what is 17636 + 1025?
20663
In base 5, what is 220004 - 124240?
40214
In base 4, what is 1121310123332 + -2?
1121310123330
In base 9, what is -10011726 + 4?
-10011722
In base 15, what is -9 + -311831?
-31183a
In base 2, what is -1000011001111101 + -100101001?
-1000011110100110
In base 5, what is -12403240 + -3333?
-12412123
In base 3, what is 1121220202 - 11211?
1121201221
In base 3, what is 10 - 120022112021210?
-120022112021200
In base 6, what is 13222 + 23452?
41114
In base 14, what is c2789 - 5b?
c272c
In base 6, what is 10013453 - -3343?
10021240
In base 16, what is 49b6a3 - 7e?
49b625
In base 8, what is -51233006 + 0?
-51233006
In base 16, what is -f + -4f63?
-4f72
In base 6, what is 35 + -5551452?
-5551413
In base 10, what is -550219 - -2?
-550217
In base 15, what is -1 + 738c894?
738c893
In base 3, what is -111120111010100 + 12?
-111120111010011
In base 2, what is -111111111000010001 - -1?
-111111111000010000
In base 3, what is -21221 - 2210011201122?
-2210012000120
In base 4, what is -2 - -132120232233?
132120232231
In base 9, what is -167 - -7453751?
7453573
In base 6, what is -30153 - 21510?
-52103
In base 8, what is -100 - 1627447?
-1627547
In base 8, what is 542742 - -141?
543103
In base 4, what is -12320210231 - -10332?
-12320133233
In base 2, what is -111000001 - -100111110110010100000?
100111110101011011111
In base 5, what is -212332 - -301344?
34012
In base 9, what is -8103 - -3576?
-4416
In base 9, what is -7756 + -1153?
-10020
In base 8, what is -1020 + -1614?
-2634
In base 16, what is -4f + -61d2?
-6221
In base 3, what is 2 + 1000011110?
1000011112
In base 4, what is -1001330222233 - -10?
-1001330222223
In base 6, what is 3553550 + -21031?
3532515
In base 14, what is -644a + -d80?
-73ca
In base 4, what is 1121 + 303330021110?
303330022231
In base 5, what is 10 + -2300122324?
-2300122314
In base 8, what is -15455 + -46150?
-63625
In base 5, what is -4104234001 - 0?
-4104234001
In base 5, what is 210230001 + -100?
210224401
In base 4, what is 1330221202210 - -3?
1330221202213
In base 2, what is -110111 + 101111001100110000010001?
101111001100101111011010
In base 15, what is -717c + -320?
-749c
In base 8, what is 5 - -21175441?
21175446
In base 7, what is 3112000 + 4?
3112004
In base 14, what is -4 - 46373?
-46377
In base 4, what is -210311002 - 2102?
-210313110
In base 16, what is -5 - ede81c?
-ede821
In base 8, what is 45456 + 12533?
60211
In base 12, what is 133b0 + -480?
12b30
In base 5, what is 2 - -1031221020?
1031221022
In base 2, what is -1101011100001001010101 + -100?
-1101011100001001011001
In base 11, what is 5 - -2453190?
2453195
In base 14, what is 3399 + 796?
3b51
In base 15, what is 1464d2 + -1?
1464d1
In base 14, what is -1d5751 + -21?
-1d5772
In base 14, what is -3740a + -125a?
-38666
In base 2, what is 10101001011101110000 - -100?
10101001011101110100
In base 14, what is 114 - -3679?
378d
In base 14, what is -6060c26 + 5?
-6060c21
In base 6, what is -133530401343 + 2?
-133530401341
In base 7, what is 3 - -14365440?
14365443
In base 16, what is efce823 - 0?
efce823
In base 16, what is -4 + 170b26?
170b22
In base 12, what is 172 + 474b6?
47668
In base 11, what is 167959 - 2?
167957
In base 12, what is -36043 + -1133?
-37176
In base 5, what is 1312022343 - -4?
1312022402
In base 4, what is 300122002 + 11031?
300133033
In base 7, what is 632 + 2614025?
2614660
In base 4, what is 2111221011231 + -23?
2111221011202
In base 15, what is 13 - 47d6c5?
-47d6b2
In base 10, what is 1420957 + -8?
1420949
In base 15, what is 2 - -31dccc?
31dcce
In base 4, what is 2213 - -100110312?
100113131
In base 5, what is -1212034232 - -1?
-1212034231
In base 4, what is 313232 - 12003?
301223
In base 7, what is 2323621 - 2261?
2321330
In base 16, what is -439d51 - 5?
-439d56
In base 3, what is 1021201112 - -10021021?
1101222210
In base 11, what is -1a69343 + 1?
-1a69342
In base 6, what is 13505550224 - -3?
13505550231
In base 12, what is 1002 + 185080?
186082
In base 13, what is 39696 + -16?
39680
In base 10, what is 38978 + -2654?
36324
In base 3, what is -11111011110201 + -21?
-11111011110222
In base 6, what is 3 - 131043241?
-131043234
In base 6, what is 1 + 32044450542?
32044450543
In base 11, what is -4 + a776105?
a776101
In base 5, what is -1020 - 2443304?
-2444324
In base 14, what is -2 - 240661c?
-2406620
